 3229517?
False
Is 814784 a multiple of 57?
False
Is 96 a factor of 12364?
False
Is 504 a factor of 2573928?
True
Is 250 a factor of 166750?
True
Does 16 divide 634176?
True
Does 102 divide 5165178?
True
Does 58 divide 997310?
True
Is 1088 a factor of 6664392?
False
Does 9 divide 38588?
False
Does 6 divide 640589?
False
Does 8 divide 743280?
True
Is 159 a factor of 385098?
True
Is 41777 a multiple of 12?
False
Does 329 divide 6132560?
True
Is 5194353 a multiple of 52?
False
Does 135 divide 302670?
True
Is 554895 a multiple of 9?
True
Is 191 a factor of 1876575?
True
Does 259 divide 1573166?
True
Does 66 divide 754885?
False
Is 1300382 a multiple of 342?
False
Is 97354 a multiple of 7?
False
Does 75 divide 1033350?
True
Does 2 divide 386361?
False
Does 916 divide 976819?
False
Is 5535552 a multiple of 1056?
True
Is 967 a factor of 4283810?
True
Does 33 divide 55620?
False
Does 1475 divide 2649100?
True
Does 14 divide 149430?
False
Does 18 divide 906408?
True
Is 22 a factor of 820600?
True
Is 429 a factor of 161028?
False
Does 28 divide 2653708?
False
Is 169 a factor of 2668003?
True
Is 165138 a multiple of 102?
True
Does 109 divide 832441?
False
Does 181 divide 2620337?
True
Does 227 divide 964523?
True
Does 24 divide 289392?
True
Is 35 a factor of 119070?
True
Does 7 divide 1139167?
False
Does 163 divide 1395709?
False
Is 115803 a multiple of 1256?
False
Is 76350 a multiple of 15?
True
Is 8 a factor of 2863008?
True
Is 482160 a multiple of 82?
True
Is 385455 a multiple of 976?
False
Is 54 a factor of 192240?
True
Is 1480054 a multiple of 34?
True
Is 3527 even?
False
Is 56457 a multiple of 123?
True
Is 92560 a multiple of 41?
False
Is 430980 a multiple of 11?
True
Is 37 a factor of 900395?
True
Is 25750232 a multiple of 136?
False
Is 17 a factor of 106595?
False
Does 7 divide 276057?
False
Does 977 divide 2474656?
False
Is 14 a factor of 2482732?
True
Is 5 a factor of 1917210?
True
Is 19 a factor of 18012?
True
Is 49 a factor of 126616?
True
Is 554 a factor of 3386602?
True
Is 1717918 a multiple of 29?
False
Is 1291 a factor of 5035982?
False
Is 60 a factor of 191552?
False
Is 2713599 a multiple of 399?
True
Is 1700070 a multiple of 478?
False
Does 266 divide 1330000?
True
Is 209314 a multiple of 7?
True
Is 223 a factor of 227014?
True
Does 354 divide 2029128?
True
Is 67 a factor of 106628?
False
Is 121 a factor of 370381?
True
Is 462 a factor of 1338414?
True
Is 369 a factor of 1968984?
True
Is 21 a factor of 712131?
True
Is 11212474 a multiple of 1274?
True
Is 316714 a multiple of 410?
False
Does 6 divide 2239812?
True
Does 198 divide 65992?
False
Is 183 a factor of 1270203?
True
Is 6 a factor of 43950?
True
Does 103 divide 160062?
True
Is 13 a factor of 80808?
True
Does 152 divide 312126?
False
Is 6896112 a multiple of 11?
False
Does 150 divide 3569400?
True
Does 1300 divide 6347900?
True
Does 226 divide 392110?
True
Is 126 a factor of 8163837?
False
Does 8 divide 2298739?
False
Does 80 divide 2185619?
False
Is 11 a factor of 1242131?
True
Is 113431 even?
False
Is 349 a factor of 21249563?
True
Is 167840 a multiple of 32?
True
Is 3280296 a multiple of 62?
True
Is 426498 a multiple of 62?
True
Is 480783 a multiple of 272?
False
Is 417 a factor of 5205495?
False
Is 84 a factor of 227653?
False
Does 712 divide 21139280?
True
Is 1274302 a multiple of 29?
False
Is 7 a factor of 5124645?
False
Is 81780 a multiple of 141?
True
Is 49 a factor of 7103?
False
Does 637 divide 136712?
False
Is 307 a factor of 1966945?
False
Does 96 divide 192864?
True
Does 2 divide 146634?
True
Is 450 a factor of 2407567?
False
Is 243077 a multiple of 134?
False
Does 6 divide 1203768?
True
Does 10 divide 62789?
False
Does 850 divide 1197402?
False
Is 1085392 a multiple of 112?
True
Does 28 divide 214414?
False
Is 204 a factor of 221380?
False
Is 102448 a multiple of 152?
True
Is 12 a factor of 2519637?
False
Is 3 a factor of 149898?
True
Does 677 divide 3224551?
True
Is 159 a factor of 4622877?
False
Is 475734 a multiple of 21?
True
Is 6861527 a multiple of 198?
False
Is 1854978 a multiple of 5?
False
Is 1132560 a multiple of 195?
True
Is 92 a factor of 433763?
False
Does 292 divide 65179?
False
Does 105 divide 1568685?
False
Is 191901 a multiple of 8?
False
Does 56 divide 565880?
True
Is 3990168 a multiple of 42?
True
Is 31 a factor of 1898719?
True
Is 819 a factor of 624890?
False
Is 518793 a multiple of 237?
True
Does 183 divide 306714?
False
Is 829751 a multiple of 769?
True
Is 173753 a multiple of 8?
False
Does 128 divide 129920?
True
Is 2281402 a multiple of 26?
False
Is 1011371 a multiple of 25?
False
Is 121 a factor of 3356056?
True
Does 181 divide 51404?
True
Is 230 a factor of 2860747?
False
Does 397 divide 284036?
False
Does 3 divide 30024?
True
Does 6 divide 144382?
False
Does 20 divide 2058400?
True
Is 98 a factor of 3658068?
False
Does 18 divide 8478?
True
Is 53 a factor of 675329?
False
Is 2399925 a multiple of 34?
False
Is 72 a factor of 620640?
True
Does 42 divide 1575126?
True
Is 70 a factor of 52220?
True
Does 18 divide 1340312?
False
Is 151956 a multiple of 4?
True
Is 111 a factor of 5632584?
True
Is 9927136 a multiple of 19?
False
Is 51 a factor of 13515?
True
Does 341 divide 6717705?
False
Is 14 a factor of 36848?
True
Is 58 a factor of 470855?
False
Is 102 a factor of 25510431?
False
Does 11 divide 257212?
False
Is 16843522 a multiple of 78?
False
Does 36 divide 232020?
True
Does 23 divide 17520?
False
Does 177 divide 933934?
False
Is 111477 a multiple of 87?
False
Is 16 a factor of 284640?
True
Is 200348 a multiple of 7?
False
Is 208639 a multiple of 19?
True
Is 175 a factor of 302560?
False
Is 17 a factor of 2523812?
False
Is 19 a factor of 75506?
True
Does 615 divide 370267?
False
Is 727028 a multiple of 23?
False
Is 161 a factor of 4865581?
True
Does 85 divide 176744?
False
Is 819008 a multiple of 147?
False
Does 109 divide 370015?
False
Is 39524 a multiple of 41?
True
Is 4157010 a multiple of 442?
True
Does 111 divide 24509?
False
Does 20 divide 535340?
True
Is 366 a factor of 1971504?
False
Is 16126683 a multiple of 6?
False
Is 132704 a multiple of 176?
True
Does 176 divide 1480336?
True
Is 28 a factor of 336?
True
Is 15 a factor of 260310?
True
Does 30 divide 616799?
False
Does 9 divide 5216130?
True
Does 6 divide 53334?
True
Is 1782731 a multiple of 2?
False
Does 315 divide 3030388?
False
Is 80972 a multiple of 124?
True
Does 162 divide 13955987?
False
Is 5 a factor of 10950170?
True
Is 6482 a multiple of 7?
True
Is 204258 a multiple of 177?
True
Is 9 a factor of 693?
True
Is 17 a factor of 82841?
True
Is 23 a factor of 39928?
True
Is 255238 a multiple of 34?
True
Is 20 a factor of 3234980?
True
Does 12 divide 23783?
False
Does 2 divide 61550?
True
Is 13830679 a multiple of 6?
False
Does 15 divide 785250?
True
Does 241 divide 16156399?
True
Does 16 divide 299200?
True
Does 96 divide 719040?
True
Is 34 a factor of 137564?
True
Does 8 divide 648892?
False
Is 715988 a multiple of 562?
True
Is 11 a factor of 28595?
False
Is 2772126 a multiple of 42?
True
Is 9 a factor of 168120?
True
Is 40 a factor of 1170760?
True
Does 55 divide 313532?
False
Is 47 a factor of 9675181?
False
Is 4646184 a multiple of 95?
False
Does 9 divide 1524645?
True
Is 796518 a multiple of 38?
True
Does 234 divide 191880?
True
Is 63 a factor of 7551180?
True
Does 210 divide 1013325?
False
Does 11 divide 2369604?
False
Does 11 divide 298635?
False
Does 23 divide 207749?
False
Is 1756748 a multiple of 58?
False
Does 14 divide 1446298?
True
Does 31 divide 1904837?
False
Is 2754050 a multiple of 65?
True
Is 476 a factor of 2249408?
False
Is 1418806 a multiple of 38?
True
Is 27 a factor of 1686582?
True
Is 1477 a factor of 10947524?
True
Does 8 divide 8890?
False
Does 74 divide 13546845?
False
Does 205 divide 25010?
True
Is 8227243 a multiple of 141?
False
Is 599 a factor of 282129?
True
Does 7 divide 265573?
True
Is 964 a factor of 9365319?
False
Is 1712034 a multiple of 18?
True
Is 12 a factor of 43764?
True
Does 155 divide 32445?
False
Does 43 divide 179701?
False
Does 10 divide 3375942?
False
Does 30 divide 1364770?
False
Does 31 divide 577387?
False
Does 23 divide 9136233?
False
Is 1291516 a multiple of 292?
True
Does 45 divide 392356?
False
Is 52757 a multiple of 5?